96, -s = q - 20. Suppose q = 5*t - 121. What is the greatest common factor of t and 7?
7
Let p = -187 - -187. Suppose p = -5*s + 8*s - 66. What is the greatest common factor of 11 and s?
11
Suppose 0*a = -8*a + 4179 - 203. What is the highest common divisor of 1349 and a?
71
Let t(f) = 38*f - 126. Let a be t(13). Calculate the greatest common divisor of 7912 and a.
184
Let d be 1/((-1)/6)*1. Let i(c) = 10 - 13*c - 20*c + 10 + 4 + 5*c. Let x be i(d). What is the highest common factor of 12 and x?
12
Let t = -772 + 1342. Suppose -u - 2858 = -14*g + 9*g, t = g - u. What is the highest common factor of 52 and g?
52
Let r be (13 - (-457 - 7)) + 11. What is the highest common divisor of 549 and r?
61
Let z = -6582 - -8056. Calculate the highest common factor of 110 and z.
22
Suppose -5*n + 820 = 5*f, 189*n = 190*n - f - 154. Calculate the highest common factor of 7791 and n.
159
Suppose -2*c - 2*m + 170 = 0, -5*c + 5*m = 275 - 730. Let s be (2/5)/(4/(-20)) - 5. Let b = c - s. Calculate the highest common factor of b and 19.
19
Let d(t) = -91*t + 21. Let g(w) = 47*w - 10. Let x(p) = 2*d(p) + 5*g(p). Let l be x(2). Calculate the highest common divisor of l and 7.
7
Let p(f) = -40*f - 982. Let n(a) = 16*a + 393. Let v(y) = -12*n(y) - 5*p(y). Let s be v(-4). What is the greatest common divisor of 18 and s?
18
Let c = 147 + -104. Let q = c - -205. Let m = q + -79. What is the highest common factor of m and 13?
13
Suppose -9*p + 6912 = 7*p. Suppose -7*k = -3*k - p. What is the highest common divisor of k and 12?
12
Let r be (-360 + 503)/(49/24 + -2). What is the highest common factor of 144 and r?
24
Let v = 8798 + -4199. Calculate the highest common divisor of 42 and v.
21
Suppose h + 3*g + 0*g = 1825, -2*g = 5*h - 9060. Calculate the greatest common factor of h and 20.
10
Let a be (1 - -1)*(-1)/6*-15. Let r(w) = w**2 + 3*w - 31. Let c be r(a). Calculate the greatest common factor of 3 and c.
3
Suppose -4*m = -105*m + 62962 + 156107. What is the greatest common factor of m and 27?
9
Suppose -4*v + 9 = -3*k + 6, 9 = 2*k + v. Suppose -k = -h, 5*q = 3*q - 2*h + 654. What is the highest common factor of q and 24?
12
Let f = -4289 - -7819. Calculate the highest common divisor of f and 10.
10
Suppose -5*m + 59 = q, -3*q + 375*m - 379*m = -221. Calculate the highest common divisor of q and 2291.
79
Suppose 0 = -5*s - 5 + 30, -2*a = -5*s + 29. Let u be ((-55)/(-11))/(1/a*-1). What is the greatest common factor of u and 5?
5
Let i = 1940 - 2017. Suppose 7 - 1 = 3*u, 3*k + 2*u = -152. Let n = k - i. What is the greatest common factor of 75 and n?
25
Suppose 13*d - 25 = 9*d - y, 3*d + 4*y = 35. Suppose 3*t - 7*t - 1680 = -d*c, 0 = -5*t. What is the highest common factor of c and 3?
3
Suppose 0*w - 27 = -3*w. Let o(p) = -369*p - 21006. Let m be o(-57). Calculate the highest common factor of w and m.
9
Let f(v) = v**3 - 6*v**2 - 9*v - 11. Suppose 18 + 3 = 3*q. Suppose 30 = q*j - 26. Let x be f(j). Calculate the greatest common factor of 60 and x.
15
Suppose -4*a + 2*a = 5*b - 1, -2*b = 5*a - 13. Let m(o) = -26*o + 4. Let r be m(b). Calculate the highest common divisor of r and 110.
10
Let d(z) = -3*z**2 + 318*z + 671. Let h be d(107). What is the greatest common divisor of h and 280?
70
Let w(o) be the first derivative of o**3/3 - o**2/2 - 124*o + 91. Let a be w(12). Calculate the highest common divisor of 3 and a.
1
Let f(o) = 20*o - 60. Let m be f(3). Suppose -4*y - 56 = -4*x, -2*y + 17 = 3*x - m*y. Calculate the greatest common divisor of 657 and x.
9
Let t = 45 + -18. Suppose -r + 17 = 3*i, -t*r - 2*i + 14 = -26*r. Calculate the highest common divisor of 304 and r.
8
Let n be -16*(-2 - -2 - (-3915)/(-20)). Calculate the highest common divisor of n and 27.
27
Let n = 34618 - 34576. Suppose 140 = y + 2*z - 50, -12 = -3*z. What is the greatest common factor of n and y?
14
Let t(w) = -2 - 3 - 10*w - 1. Let s be t(-4). Let h be (-990)/(-58) - (276/174)/23. What is the highest common factor of h and s?
17
Suppose 16*j - 1711 = 10833. What is the highest common divisor of 896 and j?
112
Suppose -10*w = -17 + 47. Let c = -13 - -2. Let i be (w - -2)/(1/c). Calculate the highest common divisor of 121 and i.
11
Let i = 1524 + -996. Calculate the highest common divisor of 132 and i.
132
Suppose -22*s = -71*s + 1274. Suppose -f = 2*m - 104, 4*m - 5*f = -26 + 234. Calculate the greatest common divisor of m and s.
26
Let w = -250 + 100. Let i = 160 + w. What is the greatest common factor of i and 20?
10
Suppose -5*o + 5 = 0, -3*t + 32 + 33 = 5*o. Let c be ((-12)/t)/(4/(-140)). Let b be (33 + 0)/((-1)/(-7)). Calculate the greatest common divisor of c and b.
21
Let u(g) = -g**3 - g**2 + 12*g + 8. Let f be (-115)/46*(-8)/(-5) - 1. Let w be u(f). Calculate the greatest common factor of 12 and w.
12
Let g = 1 + -5. Let j be g/(-6) + (-158)/(-6). Let a be ((-2)/10)/(108/720)*(-27)/12. Calculate the greatest common divisor of j and a.
3
Let a be 8997*(-30)/(-27) - (-6 - 120/(-18)). What is the greatest common divisor of 612 and a?
204
Let t(s) = s**2 + 6*s. Let b be t(-6). Let m(l) = l - 1. Let a be m(b). Let k be (a - -3 - 2) + 232 - 0. Calculate the greatest common factor of 29 and k.
29
Let o(y) = 3*y + 9. Let u be o(-2). Suppose 15 = 4*n - 9*n, u*x + n - 354 = 0. Let i = x - 117. Calculate the greatest common divisor of 14 and i.
2
Let p(h) = -2*h**2 - 13*h + 807. Let b be p(-23). Let m = 149 + -37. Calculate the highest common factor of m and b.
16
Let u(b) = -b**3 - 141*b**2 - 482*b - 370. Let a be u(-139). Calculate the greatest common divisor of 14 and a.
14
Let y(t) = 43 - 2*t - 2*t + t + 2*t**2 - 3*t**2. Let i be y(-7). Calculate the greatest common divisor of 10 and i.
5
Suppose 4 = -g - 1, 2*a + 4*g + 10 = 0. Let n be 6/(-21) + (-30)/(-7). Suppose -3*c - 5 = -n*c. Calculate the highest common factor of c and a.
5
Let f(o) = -o**3 - 3*o**2 + 8*o - 25. Let w be f(-8). Let m = w - 113. What is the highest common divisor of m and 177?
59
Let w = -8979 - -9078. Calculate the greatest common factor of w and 747.
9
Suppose 5*k - 32436 = k - 4*z, -5*k + 40569 = -3*z. Calculate the greatest common factor of k and 78.
78
Let n be ((-100)/8)/((-1)/2). Let j(r) = 2*r**2 + 8*r - 100. Let b be j(-10). Calculate the greatest common divisor of b and n.
5
Suppose 1490 = 5*v + 5*r, -3*v + 2*r + 892 = 6*r. Let j = 381 - v. What is the highest common divisor of 9 and j?
9
Let f = -7643 - -7695. Calculate the highest common factor of 988 and f.
52
Let u(z) = -z**3 + 12*z**2 + 2*z. Let h be u(5). Let t = h + -128. Let s = t + -53. Calculate the greatest common divisor of s and 52.
4
Let j = 2662 + -884. What is the greatest common divisor of 28 and j?
14
Let z be (-512)/10*((-68)/(-8) - (13 - 2)). What is the greatest common factor of z and 904?
8
Suppose -196 - 926 = -11*i. Let c be (9/(-12))/((-4)/816). Calculate the highest common factor of c and i.
51
Let x(q) = -q**3 + 12*q**2 - 17*q + 2. Suppose 50 = 363*s - 358*s. Let u be x(s). Calculate the greatest common factor of 256 and u.
32
Let s = -9353 + 14444. What is the highest common divisor of s and 3?
3
Let g be (-2)/5 + 22/5. Suppose g*n + 8 = 32. Let y = -9237 - -9249. Calculate the greatest common divisor of n and y.
6
Let p = -15 - -19. Let i be (p/6 - -1)*3. Suppose h - 3*h - i = -5*f, 0 = 4*h - 3*f - 25. What is the highest common factor of 20 and h?
10
Suppose -d + 72 = z - 2*z, -3*d + 6 = 0. Let x = z - -119. Calculate the greatest common divisor of 49 and x.
49
Let s = 484 - 530. Let w be -2 + (-7)/(-1) - s. What is the greatest common divisor of w and 663?
51
Suppose 948*u - 224 = 932*u. Let w = -328 - -482. What is the highest common divisor of w and u?
14
Let l be (-18)/(-4)*(-20)/(-15). Let f be 11 - ((-2)/l + 28/21). What is the greatest common divisor of f and 10?
10
Let z(j) be the third derivative of -j**4/24 + 11*j**3/3 + 109*j**2. Let v be z(-4). What is the highest common divisor of 91 and v?
13
Suppose -5*m + 17 = 13*g, -2 = m + 3*g - 5. Calculate the greatest common factor of m and 54.
6
Suppose 225*j = 221*j - 1028. Let z = 283 + j. Calculate the highest common factor of 741 and z.
13
Let f = 17 + -6. Let z = f - -4. Suppose 2*r + 3*q = 5*r - z, -2*q + 5 = r. What is the greatest common divisor of 1 and r?
1
Le